{"version":"1.0","provider_name":"Tablao Flamenco 1911","provider_url":"https:\/\/tablaoflamenco1911.com\/fr","author_name":"social","author_url":"https:\/\/tablaoflamenco1911.com\/fr\/author\/social\/","title":"Ana Latorre, le flamenco \u00e0 l'\u00e9tat pur - Tablao Flamenco 1911","type":"rich","width":600,"height":338,"html":"<blockquote class=\"wp-embedded-content\" data-secret=\"64JInEjUAh\"><a href=\"https:\/\/tablaoflamenco1911.com\/fr\/show\/ana-latorre-a-puro-flamenco\/\">Ana Latorre, le flamenco \u00e0 l&rsquo;\u00e9tat pur<\/a><\/blockquote><iframe sandbox=\"allow-scripts\" security=\"restricted\" src=\"https:\/\/tablaoflamenco1911.com\/fr\/show\/ana-latorre-a-puro-flamenco\/embed\/#?secret=64JInEjUAh\" width=\"600\" height=\"338\" title=\"\u00ab\u00a0Ana Latorre, le flamenco \u00e0 l&rsquo;\u00e9tat pur\u00a0\u00bb &#8212; Tablao Flamenco 1911\" data-secret=\"64JInEjUAh\" frameborder=\"0\" marginwidth=\"0\" marginheight=\"0\" scrolling=\"no\" class=\"wp-embedded-content\"><\/iframe><script type=\"text\/javascript\">\n\/* <![CDATA[ *\/\n\/*! This file is auto-generated *\/\n!function(d,l){\"use strict\";l.querySelector&&d.addEventListener&&\"undefined\"!=typeof URL&&(d.wp=d.wp||{},d.wp.receiveEmbedMessage||(d.wp.receiveEmbedMessage=function(e){var t=e.data;if((t||t.secret||t.message||t.value)&&!\/[^a-zA-Z0-9]\/.test(t.secret)){for(var s,r,n,a=l.querySelectorAll('iframe[data-secret=\"'+t.secret+'\"]'),o=l.querySelectorAll('blockquote[data-secret=\"'+t.secret+'\"]'),c=new RegExp(\"^https?:$\",\"i\"),i=0;i<o.length;i++)o[i].style.display=\"none\";for(i=0;i<a.length;i++)s=a[i],e.source===s.contentWindow&&(s.removeAttribute(\"style\"),\"height\"===t.message?(1e3<(r=parseInt(t.value,10))?r=1e3:~~r<200&&(r=200),s.height=r):\"link\"===t.message&&(r=new URL(s.getAttribute(\"src\")),n=new URL(t.value),c.test(n.protocol))&&n.host===r.host&&l.activeElement===s&&(d.top.location.href=t.value))}},d.addEventListener(\"message\",d.wp.receiveEmbedMessage,!1),l.addEventListener(\"DOMContentLoaded\",function(){for(var e,t,s=l.querySelectorAll(\"iframe.wp-embedded-content\"),r=0;r<s.length;r++)(t=(e=s[r]).getAttribute(\"data-secret\"))||(t=Math.random().toString(36).substring(2,12),e.src+=\"#?secret=\"+t,e.setAttribute(\"data-secret\",t)),e.contentWindow.postMessage({message:\"ready\",secret:t},\"*\")},!1)))}(window,document);\n\/\/# sourceURL=https:\/\/tablaoflamenco1911.com\/wp-includes\/js\/wp-embed.min.js\n\/* ]]> *\/\n<\/script>\n","thumbnail_url":"https:\/\/tablaoflamenco1911.com\/wp-content\/uploads\/2023\/08\/ana-jpg-scaled.jpg","thumbnail_width":2560,"thumbnail_height":1440,"description":"Ana Garc\u00eda Leiva, connue sous le nom artistique d&rsquo;Ana Latorre, est n\u00e9e \u00e0 Cordoue le 26 juin 1994 et est la fille de Nuria Leiva et Javier Latorre. D\u00e8s son plus jeune \u00e2ge, elle montre sa passion pour la danse et d\u00e9cide de poursuivre une carri\u00e8re artistique dans le monde du flamenco. Pour d\u00e9velopper son..."}

Ana Latorre, le flamenco à l'état pur - Tablao Flamenco 1911

<blockquote class="wp-embedded-content" data-secret="64JInEjUAh"><a href="https://tablaoflamenco1911.com/fr/show/ana-latorre-a-puro-flamenco/">Ana Latorre, le flamenco à l&rsquo;état pur</a></blockquote><iframe sandbox="allow-scripts" security="restricted" src="https://tablaoflamenco1911.com/fr/show/ana-latorre-a-puro-flamenco/embed/#?secret=64JInEjUAh" width="600" height="338" title="« Ana Latorre, le flamenco à l&rsquo;état pur » &#8212; Tablao Flamenco 1911" data-secret="64JInEjUAh" frameborder="0" marginwidth="0" marginheight="0" scrolling="no" class="wp-embedded-content"></iframe><script type="text/javascript">
/* <![CDATA[ */
/*! This file is auto-generated */
!function(d,l){"use strict";l.querySelector&&d.addEventListener&&"undefined"!=typeof URL&&(d.wp=d.wp||{},d.wp.receiveEmbedMessage||(d.wp.receiveEmbedMessage=function(e){var t=e.data;if((t||t.secret||t.message||t.value)&&!/[^a-zA-Z0-9]/.test(t.secret)){for(var s,r,n,a=l.querySelectorAll('iframe[data-secret="'+t.secret+'"]'),o=l.querySelectorAll('blockquote[data-secret="'+t.secret+'"]'),c=new RegExp("^https?:$","i"),i=0;i<o.length;i++)o[i].style.display="none";for(i=0;i<a.length;i++)s=a[i],e.source===s.contentWindow&&(s.removeAttribute("style"),"height"===t.message?(1e3<(r=parseInt(t.value,10))?r=1e3:~~r<200&&(r=200),s.height=r):"link"===t.message&&(r=new URL(s.getAttribute("src")),n=new URL(t.value),c.test(n.protocol))&&n.host===r.host&&l.activeElement===s&&(d.top.location.href=t.value))}},d.addEventListener("message",d.wp.receiveEmbedMessage,!1),l.addEventListener("DOMContentLoaded",function(){for(var e,t,s=l.querySelectorAll("iframe.wp-embedded-content"),r=0;r<s.length;r++)(t=(e=s[r]).getAttribute("data-secret"))||(t=Math.random().toString(36).substring(2,12),e.src+="#?secret="+t,e.setAttribute("data-secret",t)),e.contentWindow.postMessage({message:"ready",secret:t},"*")},!1)))}(window,document);
//# sourceURL=https://tablaoflamenco1911.com/wp-includes/js/wp-embed.min.js
/* ]]> */
</script>

Ana García Leiva, connue sous le nom artistique d&rsquo;Ana Latorre, est née à Cordoue le 26 juin 1994 et est la fille de Nuria Leiva et Javier Latorre. Dès son plus jeune âge, elle montre sa passion pour la danse et décide de poursuivre une carrière artistique dans le monde du flamenco. Pour développer son...
